/6*(2/(-6) + 1426350/(-90))?
2
Suppose 55 + 11 = -11*o. Let q(g) = -g**3 + 2*g**2 - g + 31. What is the tens digit of q(o)?
2
Suppose -2*t - 1 = 3*d, 3*t = -5*d + 19 - 22. Let g(k) = 80*k + 13. What is the tens digit of g(t)?
3
Let r = -1888 + 13826. What is the ten thousands digit of r?
1
Let r be 1 + (-6)/8 - 18/8. Let p(o) = -131*o + 31. What is the tens digit of p(r)?
9
Suppose 41708 = -17*g + 161473. What is the thousands digit of g?
7
Let d be 4/(4/6 + 20/(-39)). Let m = d - 6. What is the units digit of (-4 + (-9)/3)*m/(-7)?
0
Let n(l) = 238*l + 14. Let i be n(4). Suppose 0 = -17*q - 4*q + i. What is the tens digit of q?
4
Let h(v) = 75*v**2 - 11*v - 17. Let d = -243 + 240. What is the hundreds digit of h(d)?
6
Let f = 5134 + -3560. What is the hundreds digit of f?
5
Let j(u) = -154*u + 9494. What is the tens digit of j(-43)?
1
What is the hundreds digit of 5476120/455 + 6/(-14)?
0
What is the thousands digit of (14 + 814)/12*(39 - 0)?
2
Let t(k) = -k**3 + k**2 + 4*k. Let h be t(-5). Let o = 303 - h. What is the hundreds digit of o?
1
Suppose -4*n - 436 - 4 = 0. Let k = 138 + n. What is the units digit of k?
8
Let f(r) be the first derivative of -r**4/4 + 382*r - 14. Let q be f(0). What is the units digit of 4/(-8) - q/(-4)?
5
Let i(z) = -z**3 + 59*z**2 - 203*z + 358. What is the units digit of i(23)?
3
Let y be (334*2/10)/(32/320). Suppose -4260 = -16*i + y. What is the hundreds digit of i?
3
Let j(v) = 212*v + 6. Let l be j(2). Suppose -l = -5*r + 415. What is the units digit of r?
9
Suppose -4*l + 5446 = -3*o - 820, 2*l = 3*o + 3130. What is the tens digit of l?
6
Let z = -51 + 56. Suppose -z*w - 1135 = 2*q - 4*q, 0 = 2*q + 2*w - 1142. What is the units digit of q?
0
Let z(g) = 34*g**2 + 6*g**2 + 4*g**3 - 2 - 7*g + 1 - g**3. What is the tens digit of z(-13)?
5
Suppose -2*x = -4, -2*s - 947 + 229 = x. Let g = -80 - s. What is the units digit of g?
0
What is the tens digit of (21/14)/(9/(-10551))*-6?
5
Let w = -4027 - -28432. What is the hundreds digit of w?
4
What is the ten thousands digit of 32881 + ((-369)/18 - -22)*(3 + -1)?
3
Suppose -3*u = 3, -c + 0*c + 5*u = -53. What is the units digit of 12/c + -35*13/(-4)?
4
Suppose 5*u + 2*s - 6911 = 5851, -3*u - 5*s = -7680. What is the hundreds digit of u?
5
Suppose -68611 = -103*q + 372497 + 1057542. What is the thousands digit of q?
4
Let q(k) be the third derivative of -11*k**4/4 + k**3/2 - 19*k**2. What is the tens digit of q(-9)?
9
Let o = 3258 - 2873. What is the hundreds digit of o?
3
Let o be -4*(1/2 - 1). Let h be o + 9 + -2 + -3. Suppose -g = 2*l + 2*l - 20, -2*l - h = 0. What is the units digit of g?
2
Let v(h) = h**2 - 4*h + 358. Let c(u) = u**2 - 22*u - 104. Let d be c(-4). What is the hundreds digit of v(d)?
3
Suppose 0 = -34*z + 32125 + 11327. What is the thousands digit of z?
1
Let f(k) = -40*k + 30. Let m be f(-5). Let v = 734 - m. What is the units digit of (130/8)/(-7*(-6)/v)?
5
Let f = -247 - -281. Let a = -9 - -18. Let l = f - a. What is the units digit of l?
5
Suppose 27 = 5*j + 2. Suppose 2 = 2*h - h. Suppose -h*m + j*y - 6 = -34, 4*y - 46 = -2*m. What is the tens digit of m?
1
Let q = 24 - 4. Suppose 4*c - q*c = -11680. What is the units digit of c?
0
Suppose -k + 1454 + 3341 = 0. What is the units digit of k?
5
Suppose 0 = 4*c - 2048 - 27980. What is the tens digit of c?
0
Let h = 62 - 5. Suppose -2*l + 3*l + h = 2*i, 5*l = -5*i + 150. What is the units digit of i?
9
Let a(t) = 305*t**2 - 101*t - 420. What is the thousands digit of a(-4)?
4
Suppose 0 = -1130*w + 1131*w - 8. What is the units digit of (-539 - -1)*(-12)/w?
7
Let q be (-10 + -14)*2/4. What is the tens digit of ((-132)/(-36))/((-2)/q)?
2
Let g = 8511 + -755. What is the thousands digit of g?
7
Let o = -14 - -18. Suppose 0*k + 2*k = -m + 971, o*k - 5*m = 1963. Suppose -4*a + 121 = 5*d - k, d + 584 = 4*a. What is the tens digit of a?
4
Let t be (-99)/55 + 29552/40. Suppose 0 = -36*u + 23203 + t. What is the hundreds digit of u?
6
Suppose 2*a + 10 = -4*z, 5*z - 9 + 35 = 2*a. Let c be (2/6)/((a/(-63))/1). What is the hundreds digit of 815/7 + (-4)/c?
1
Let h(k) = k**3 + k**2 + 3. Let a be h(0). Let b = -1565 + 1568. Suppose z - b = -0*n - 3*n, -a = z. What is the units digit of n?
2
Let c(h) = -461*h - 709. What is the units digit of c(-18)?
9
Let i be (9/(-3))/(18/(-12)). Suppose z = i*y - 3 - 13, -5*z = y + 69. Let d = z - -154. What is the units digit of d?
0
Let t(j) = 1470*j - 53. What is the hundreds digit of t(2)?
8
Let i be 4*(2 - (-6)/(-12)*-6)*1. Let x be 4/3*3/2. Suppose x*f - 74 = 2*c - 498, 0 = -4*f + i. What is the tens digit of c?
1
Let q = 137 + 52. Suppose -2*f - 5*z + 3*z + 8 = 0, 4*f - 15 = -5*z. Suppose q = f*d + 2*d. What is the units digit of d?
7
What is the thousands digit of -5 - ((-73960)/12)/(8/(-120)*-5)?
8
Suppose -6*a - 10160 = -59462. What is the units digit of a?
7
What is the units digit of ((-3624)/(-10))/((-4)/(-20))?
2
Let w(d) = -3 - 8*d**3 + 22*d**3 + 4*d**2 - 19*d + 0*d**2 - 10*d**3. What is the units digit of w(5)?
2
Let u = 30 + 4. Suppose -u = -5*z - 29. What is the units digit of (((-7)/(-14))/(z/(-2)))/(-1)?
1
Suppose n = -5*s - 14, -s = 6*n - n - 50. Let l = 6112 + -4272. Suppose u = n*u - l. What is the hundreds digit of u?
1
Suppose -3*m = -3*t - 140290 + 37309, 4*m - 137303 = -t. What is the hundreds digit of m?
3
Suppose 17*n + 15756 = 56*n. Suppose -3*r + 5*h + 4092 = 0, -3706 = -3*r - h + n. What is the thousands digit of r?
1
Let q(f) = 1342*f**3 - 24*f**2 + 10*f - 27. What is the hundreds digit of q(4)?
5
Suppose -237 = -2*h - 5*r, 5*h - 4*r + 142 = 718. What is the tens digit of h/6 - (-12)/18?
2
Suppose 3*v - 147 = 5*r - 432, 5*v + 79 = r. Suppose -r*z = -71*z + 11594. What is the hundreds digit of z?
6
Let y(k) = k**2 - 21*k - 51. Suppose 0 = 31*q - 30*q - 33. What is the units digit of y(q)?
5
Let g(z) be the third derivative of -z**5/60 - z**4/12 - 3*z**2. Let w be g(-1). What is the units digit of 22 + (2 - (w*-16)/(-4))?
0
Let d(j) = -4*j - 13. Let g be d(-4). Suppose 348 = 5*t - g*q, 2*q + 3*q - 164 = -2*t. Suppose 0 = -11*l + 7*l + t. What is the tens digit of l?
1
Let o be (-84)/(4 + -3 + -3). Suppose 288 = -39*c + o*c. What is the tens digit of c?
9
Suppose -44 = l - 12*l. Suppose l*u = -26 + 46. Suppose -u*c + 252 = 12. What is the tens digit of c?
4
Let v = -257 - -259. Suppose 14*r = v*s + 11*r - 849, s = 5*r + 421. What is the units digit of s?
6
Let n(r) be the third derivative of 148*r**5/15 + 5*r**4/8 - 7*r**3/3 - 92*r**2. What is the units digit of n(1)?
3
Let o(y) = -y**3 + 113*y**2 - 198*y + 365. What is the thousands digit of o(110)?
4
Suppose 47*l = 64*l - 23324. Suppose -l = -5*d + 1423. What is the units digit of d?
9
Suppose 0 = -11*f + 12*f + 385. Let v = f + 570. What is the units digit of v?
5
Suppose 2*s = 2*g + 4*s - 632, -956 = -3*g + s. Let i = g - 211. Let m = i - 50. What is the units digit of m?
7
What is the units digit of -76206*((-830)/(-60) - 14)?
1
Suppose 5*g + 12 = 4*h - 126, 70 = 2*h - 3*g. Suppose -135 = -f + h. What is the hundreds digit of f?
1
Suppose -2362 = -25*s + 3513. Suppose 6*i - i = 1315. Suppose 3*t = i + s. What is the units digit of t?
6
Let o(a) = 8*a**2 - 86*a - 3773. What is the ten thousands digit of o(-58)?
2
Suppose -22*f + 12 = -21*f. Suppose 4*l - 5*l + f = 0. What is the units digit of (2/(-6))/((-4)/l)?
1
Let x = 7 - 2. Suppose 168*j + 96*j = -68*j + 1328. Suppose -x*w - j = -9. What is the units digit of w?
1
Suppose 4*x = -2*p + 34728, -15*p = -x - 11*p + 8673. What is the hundreds digit of x?
6
Suppose 40177 + 72262 = 8*v + 11807. What is the tens digit of v?
7
Let z(s) = -2*s**2 + 14*s + 48. Let m be z(30). Let n = m - -2322. What is the units digit of n?
0
Let a = 1239 - 83. What is the thousands digit of a?
1
What is the tens digit of ((-336226)/(-1023))/(-2 + 208/102)?
8
Let o = -31 + 36. Suppose 3*f + o*l = -2, -f + 9 + 1 = -l. Suppose -10*t + f*t + 108 = 0. What is the units digit of t?
7
Let g(f) = -11 - f**2 - 27*f + 3*f**2 - 4*f**2 + 0*f**2. Let s be g(-16). Let i = -13 - s. What is the tens digit of i?
7
Let z be 3/24*10 + (-12)/(-16). Suppose -s = z*s - 5*v - 229, 2 = 2*v. What is the tens digit of s?
7
Let d(v) be the first derivative of v**4/24 + 17*v**3/6 + 9*v**2